{"id":3194,"date":"2026-05-06T17:22:33","date_gmt":"2026-05-06T15:22:33","guid":{"rendered":"https:\/\/ferbos-jeanfrancois.legtux.org\/?page_id=3194"},"modified":"2026-05-06T17:30:55","modified_gmt":"2026-05-06T15:30:55","slug":"sites-amis","status":"publish","type":"page","link":"https:\/\/ferbos-jeanfrancois.legtux.org\/?page_id=3194","title":{"rendered":"Sites amis"},"content":{"rendered":"\n<p class=\"wp-block-paragraph\">Les cr\u00e9ations de Mireille Cifali<\/p>\n\n\n\n<figure class=\"wp-block-image size-full is-resized\"><a href=\"https:\/\/www.mireillecifali.com\/\" target=\"_blank\" rel=\" noreferrer noopener\"><img data-recalc-dims=\"1\" loading=\"lazy\" decoding=\"async\" width=\"640\" height=\"105\" data-attachment-id=\"3205\" data-permalink=\"https:\/\/ferbos-jeanfrancois.legtux.org\/?attachment_id=3205\" data-orig-file=\"https:\/\/i0.wp.com\/ferbos-jeanfrancois.legtux.org\/wp-content\/uploads\/2026\/05\/SITE-creations-CIFALI.png?fit=648%2C106&amp;ssl=1\" data-orig-size=\"648,106\" data-comments-opened=\"1\" data-image-meta=\"{&quot;aperture&quot;:&quot;0&quot;,&quot;credit&quot;:&quot;&quot;,&quot;camera&quot;:&quot;&quot;,&quot;caption&quot;:&quot;&quot;,&quot;created_timestamp&quot;:&quot;0&quot;,&quot;copyright&quot;:&quot;&quot;,&quot;focal_length&quot;:&quot;0&quot;,&quot;iso&quot;:&quot;0&quot;,&quot;shutter_speed&quot;:&quot;0&quot;,&quot;title&quot;:&quot;&quot;,&quot;orientation&quot;:&quot;0&quot;}\" data-image-title=\"SITE creations CIFALI\" data-image-description=\"\" data-image-caption=\"\" data-large-file=\"https:\/\/i0.wp.com\/ferbos-jeanfrancois.legtux.org\/wp-content\/uploads\/2026\/05\/SITE-creations-CIFALI.png?fit=640%2C105&amp;ssl=1\" src=\"https:\/\/i0.wp.com\/ferbos-jeanfrancois.legtux.org\/wp-content\/uploads\/2026\/05\/SITE-creations-CIFALI.png?resize=640%2C105&#038;ssl=1\" alt=\"\" class=\"wp-image-3205\" style=\"width:840px;height:auto\" srcset=\"https:\/\/i0.wp.com\/ferbos-jeanfrancois.legtux.org\/wp-content\/uploads\/2026\/05\/SITE-creations-CIFALI.png?w=648&amp;ssl=1 648w, https:\/\/i0.wp.com\/ferbos-jeanfrancois.legtux.org\/wp-content\/uploads\/2026\/05\/SITE-creations-CIFALI.png?resize=300%2C49&amp;ssl=1 300w\" sizes=\"auto, (max-width: 640px) 100vw, 640px\" \/><\/a><\/figure>\n\n\n\n<hr class=\"wp-block-separator has-alpha-channel-opacity\"\/>\n\n\n\n<p class=\"wp-block-paragraph\">Le site de Mireille Cifali<\/p>\n\n\n\n<figure class=\"wp-block-image size-full\"><a href=\"https:\/\/mireillecifali.ch\/wp\/\" target=\"_blank\" rel=\" noreferrer noopener\"><img data-recalc-dims=\"1\" loading=\"lazy\" decoding=\"async\" width=\"640\" height=\"84\" data-attachment-id=\"3201\" data-permalink=\"https:\/\/ferbos-jeanfrancois.legtux.org\/?attachment_id=3201\" data-orig-file=\"https:\/\/i0.wp.com\/ferbos-jeanfrancois.legtux.org\/wp-content\/uploads\/2026\/05\/SITE-CIFALI.png?fit=927%2C122&amp;ssl=1\" data-orig-size=\"927,122\" data-comments-opened=\"1\" data-image-meta=\"{&quot;aperture&quot;:&quot;0&quot;,&quot;credit&quot;:&quot;&quot;,&quot;camera&quot;:&quot;&quot;,&quot;caption&quot;:&quot;&quot;,&quot;created_timestamp&quot;:&quot;0&quot;,&quot;copyright&quot;:&quot;&quot;,&quot;focal_length&quot;:&quot;0&quot;,&quot;iso&quot;:&quot;0&quot;,&quot;shutter_speed&quot;:&quot;0&quot;,&quot;title&quot;:&quot;&quot;,&quot;orientation&quot;:&quot;0&quot;}\" data-image-title=\"SITE CIFALI\" data-image-description=\"\" data-image-caption=\"\" data-large-file=\"https:\/\/i0.wp.com\/ferbos-jeanfrancois.legtux.org\/wp-content\/uploads\/2026\/05\/SITE-CIFALI.png?fit=640%2C84&amp;ssl=1\" src=\"https:\/\/i0.wp.com\/ferbos-jeanfrancois.legtux.org\/wp-content\/uploads\/2026\/05\/SITE-CIFALI.png?resize=640%2C84&#038;ssl=1\" alt=\"\" class=\"wp-image-3201\" srcset=\"https:\/\/i0.wp.com\/ferbos-jeanfrancois.legtux.org\/wp-content\/uploads\/2026\/05\/SITE-CIFALI.png?w=927&amp;ssl=1 927w, https:\/\/i0.wp.com\/ferbos-jeanfrancois.legtux.org\/wp-content\/uploads\/2026\/05\/SITE-CIFALI.png?resize=300%2C39&amp;ssl=1 300w, https:\/\/i0.wp.com\/ferbos-jeanfrancois.legtux.org\/wp-content\/uploads\/2026\/05\/SITE-CIFALI.png?resize=768%2C101&amp;ssl=1 768w\" sizes=\"auto, (max-width: 640px) 100vw, 640px\" \/><\/a><\/figure>\n","protected":false},"excerpt":{"rendered":"<p>Les cr\u00e9ations de Mireille Cifali Le site de Mireille Cifali<\/p>\n","protected":false},"author":1,"featured_media":0,"parent":0,"menu_order":0,"comment_status":"closed","ping_status":"closed","template":"","meta":{"_crdt_document":"{\"document\":\"AAAH1frTlBy+BK0DBiwAUBcAAQEIAEgCBAIBAgx+mgECBgMABgMCDgIuDBAGFAQIDA4MAgoCDgIEAwMEBgMAEAIMAgsABAYDAQQDAgQKAgYKygYCSJ4GMs4HuggBAQgASAooDsYKpAoBAQgASAocEHaUAQEBCABIyAsCCAIIAgScDQMOBMINDIwN\/AwGFAQIDA6oDNwMogzUDBCSDALQDJQM0gyYDNYMsAzsDLIM7AwIFAwaCAMACgYKoAwDBQQDBf4MhA0CwA2qBQQCAQTmBI4LAwUQAgTCDYQNAsANFALGBkoDAZYeRALIGJ4YwhbOCqICiA78C64M3hGMAYAkAQEIAEj6EgawEgKkAwLsG7IbAQEIAEjGHZYdAQEIAEgCBAIBBEgiAQEIAEj4HYgeAQEIAEgCBAIBBNAeqh4BAQgASNgWqBbOI5IjAgQCWgQCAQYubgDYE5wBDgoUEuIFqBbkFgMBvgWEBfIXmiPEAgLmCAL8Hqwe7B4AuB74HgEBng6+JgIGxCcCBIwpAwAE0ikDAQQDAAamKgMB6iquE9QSBt4QAIg1yDUAnDUCBo4CBPoopioDAfwWkQEIhgEyAggCCAIEARA+DAAQBhQECAwOAAwADhABAAQAAgACAAQABggUDBoIAwAKBgoBDgIBAAaKAY4LAwUQAsANhA0DAA7GEogOKgjwBaQGBtYFAIIcMtIQAIoGAQL6CwQDAqgWAuQWAwEHAJQWCsQbAQEDAAQBAgMCBAMABgECAhqAAQa+JAIGjgIEqgEDArwEhQMoACEBJwAEACcBKAQnACgBJwBEAIQABwAoAicBKAAnAKgBKAAnACgCqAAEAIQAgQCEAYEAhAGBAIQAgQCEAIEJhACBAIQAgQCEAIEBhACBAIQAgQCEAIEAhAGBAIQBgQCEAIEAhACBAIQCgQCEAIEAhACBAIQDgQCEAKgBpwAEAIQAqABHACgCJwEoACcABACEAYcAKAInASgAJwAEAIQBhwAoAicBKAAnAMQIwQDEBMEAxAPBAMQCwQnEAMEBxALBAMQBwQHED8EAxAXBAMQDwQDEAMEAxADBAMQBwQCoASgAJwAoBMQAwQ6oAqcAqAWnAAQAqAHBA6gAKAAhAccAKAInACgBJwDEAaEDhwAoAicBKAAnAMcAKAInASgAJwCoASgAJwAoBMcAKAInASgAJwDHACgCJwEoACcAqAEoACcAKATHACgCJwEoACcAxAHBAMQAwQDEAMEAqAEoACcAKAaoACgBxA+oAygApwAoAagAKAPEBsEAxADBAMQQKAGoACgBxM8WuRRzdGF0ZXZlcnNpb25kb2N1bWVudGRhdGVkb2N1bWVudHN0YXR1c2RvY3VtZW50dGl0bGVCcm91aWxsb24gYXV0b2RvY3VtZW50Y29udGVudGRvY3VtZW50ZXhjZXJwdGRvY3VtZW50YXV0aG9yZG9jdW1lbnRmZWF0dXJlZF9tZWRpYWRvY3VtZW50Y29tbWVudF9zdGF0dXNkb2N1bWVudHBpbmdfc3RhdHVzZG9jdW1lbnR0ZW1wbGF0ZWRvY3VtZW50bWV0YWpldHBhY2tfcG9zdF93YXNfZXZlcl9wdWJsaXNoZWRmb290bm90ZXNkb2N1bWVudGJsb2Nrc1NpdGVzIGFtaXNjbGllbnRJZGlzVmFsaWRuYW1lYXR0cmlidXRlc2NvbnRlbnRkcm9wQ2FwaW5uZXJCbG9ja3N1cmxjYXB0aW9uYWxsb3dSZXNwb25zaXZlcmVzcG9uc2l2ZXByZXZpZXdhYmxlPCEtLSB3cDplZCBybDovLS13cHI+CnBzaXJlaWxsZWlmYWxpPC8+PC9ncj4KPCEtLSAvd3A6IC0tPjxhIGhyZWY9Imh0dHBzOi8vd3d3Lm1pcmVpbGxlY2lmYWxpLmNvbS8iPmh0dHBzOi8vd3d3Lm1pcmVpbGxlY2lmYWxpLmNvbS88L2E+Y2xpZW50SWRpc1ZhbGlkbmFtZWF0dHJpYnV0ZXNjb250ZW50ZHJvcENhcGlubmVyQmxvY2tzTGVzIGNyw6lhdGlvbnMgZGUgTUlyZWlsbGVpcmVpbGxlIENpZmFsaWNsaWVudElkaXNWYWxpZG5hbWVhdHRyaWJ1dGVzY29udGVudGRyb3BDYXBpbm5lckJsb2Nrc0xlIHNpdGUgZGUgTUlyZWlsbGUgaXJlaWxsZSBDaWZhbGljbGllbnRJZGlzVmFsaWRuYW1lYXR0cmlidXRlc2NvbnRlbnRkcm9wQ2FwaW5uZXJCbG9ja3NwYXJhZ3JhcGggLS0+CjxwPkxzIGNyw6lhdGlvbnMgZU1pZWlsZSBDaWZhbGk8L3A+CjwhLS0gL3dwcGFyYWdyYXBoIC0tPgoKPCEtLSB3cDpwYWFncmFwIC0tPjxwPjw+CjwhIC9wOmFnIC0tPgoKPCEtLSB3OnBhYWdyYXBoIC0tPD5MZSB0ZSBkZSBNaSBDcAohLS0gd3A6cGFyYWFwaCAtLQp3cDphcmFncmEgLS0+PD48Pgo8IS0tIC91cmxjYXB0aW9uYWxsb3dSZXNwb25zaXZlcmVzcG9uc2l2ZXByZXZpZXdhYmxldHlwZXByb3ZpZGVyTmFtZVNsdWdpbGxlY2lmYWxpLmNvbS8iPmh0dHBzOi8vd3d3Lm1pcmVpbGxlY2lmYWw8L2E8YSBocmVmPSJodHRwczovL3d3dy5taXJlaWxsZWNpZmFsaS5jb20iPmh0dHBzOi8vd3d3Lm1pcmVpbGxlY2lmYWxpLmNvbTwvYT5kb2N1bWVudHNsdWdzdGF0ZXNhdmVkQXRzdGF0ZXNhdmVkQnljbGllbnRJZGlzVmFsaWRuYW1lYXR0cmlidXRlc29wYWNpdHl0YWdOYW1laW5uZXJCbG9ja3NzZXRvciAtLT4KPGhyIGNsYXNzPSJ3cC1ibG9jay1zZXBhcmF0b3IgaGFzLWFscGhhLWNoYW5uZWwtb3BhY2l0eSIvPgo8IS0tIC93cDpzZXBhcmF0b3IgLS0+Cgo8IS0tIHdwOnBhcmFjbGllbnRJZGlzVmFsaWRuYW1lYXR0cmlidXRlc2NvbnRlbnRkcm9wQ2FwaW5uZXJCbG9ja3NjbGllbnRJZGlzVmFsaWRuYW1lYXR0cmlidXRlc2NvbnRlbnRkcm9wQ2FwaW5uZXJCbG9ja3N1cmxjYXB0aW9uYWxsb3dSZXNwb25zaXZlcmVzcG9uc2l2ZXByZXZpZXdhYmxldHlwZXByb3ZpZGVyTmFtZVNsdWdjbGllbnRJZGlzVmFsaWRuYW1lYXR0cmlidXRlc2NvbnRlbnRkcm9wQ2FwaW5uZXJCbG9ja3NjbGllbnRJZGlzVmFsaWRuYW1lYXR0cmlidXRlc2NvbnRlbnRkcm9wQ2FwaW5uZXJCbG9ja3N1cmxjYXB0aW9uYWxsb3dSZXNwb25zaXZlcmVzcG9uc2l2ZXByZXZpZXdhYmxldHlwZXByb3ZpZGVyTmFtZVNsdWdjbGllbnRJZGlzVmFsaWRuYW1lYXR0cmlidXRlc2NvbnRlbnRkcm9wQ2FwaW5uZXJCbG9ja3NwaGFnYWx0Y2FwdGlvbmlkbGlua3VybHNpemVTbHVnbGlua0Rlc3RpbmF0aW9ubGlua1RhcmdldHJlbGhyZWZsaWdodGJveGltZ2UgeyJsaWdodGJveCI6eyJlbmFibGVkIjpmYWxzZX0sImlkIjozMjAxLCJzaXplU2x1ZyI6ImZ1bGwiLCJsaW5rRGVzdGluYXRpb24iOiJjdXN0b20ifSAtLT4KPGZpZ3VlIGNsc3M9IndwLWJsb2NrLWltYWUgc2l6ZS1mdWxsIj48YSBoZWY9Imh0dHBzOi8vbWlyZWlsbGVjaWZsaS5jaC93LyIgdGFyZ2V0PSJfYmxhbmsiIHJlbD0iIG5vcmVmZXJyZXIgbm9vcGVuZXIiPjxpbWcgc3JjPSJ0dHBzOi8vZmVyYm9zLWplYW5mcmFuY29pcy5sZWd0dXgub3JnL3dwLWNvbnRlbnQvdXBsb2Fkcy8yMDI2LzA1L1NJVEUtQ0lGQUxJLnBuZyJhbHQ9IiIgY2xhc3M9IndwaW1hZ2UzMjAxIi8vYWZpZ3VyZWltZWFsdGlkbGlua3NpemVTbHVnbGlua0Rlc3RpbmF0aW9ud2lkdGhoZWlnaHRpbWFnZSB7ImlkIjozMjA1LCJ3aWR0aCI6Ijg0MHgiLCJoZWlnaHQiOiJ1dG8iLCJzaXplU2x1ZyI6ImZ1bGwiLCJsaW5rRGVzdGludGlvbiI6Im8ifSAtLT4KPGZpdWUgY2xzcz0idy1ibG9jay1pbWFnZXNpemVmdWxsIGlzcmVzaXplZCJpbWcgc3JjPSJodHRzOi8vZmVyYm9zLWplYW5mcmFuY29pcy5sZWd0dXgub3JnL3dwLWNvbnRlbnQvdXBsb2Fkcy8yMDI2LzA1L1NJVEUtY3JlYXRpb25zLUNJRkFMSS5wbmciIGFsdD0iIiBjbGFzcz0id3AtaW1hZ2UtMzIwNSIgc3R5bGU9IndpZHRoOjg0MHB4O2hlaWdodDphdXRvIi9maWd1cmVpbWVsaW5rVGFyZ2V0cmVsaHJlZmxpZ2h0Ym94bGdodGJveCI6eyJlbmFibGVmYWxzZX0sImlkIjpjdXN0bWEgaHJlZj0iaHR0cHM6Ly93d3cubXJlaWxsZWNpZmFsaS5jby8iIHRhcmV0PSJfYmxhbmsicmVsPSIgbm9yZWZlcnJlciBub29wZW5lciI+PGltZyBhPjwvBQcIBAgGCAUOCAcIBwgGCA4IDggLSAEEHwkIBgEJCAcECkcACwMHDwoLCEEKAkEBBgUCQQMCBQEDBBk0CAcECkcACxIHDggHBApHAAsMCA4IBwQKRwALEgwBQgAWF0ELAgEDQgBBAAwBAgEIAQQIAkEABAcGAQNBCQIBBwMHDwoLBBAtiwEIBAUHBQcIBwQKRwALAqcBCAcECkcACwgHBApHAAsDBw8KCwQQCAcECkcACwgHBApHAAsDBw8KCwQQCAcECkcAC0ECAwcCBAMIDwoDBAgCogEEEBEXBziRARAFBgIGAgEDAgQIDwUGCAEDEQ0iBwEKAQQFDAQHCEECCJYCBgIBCgMECAEQDAQBFQ8GCyAEDwEDAAABBwABAQAALQECADNCAQEAQQACAEIAQQACAEEAAgBBAAIAQgFBAABBAAIAQQACAAJBAAIAQQACAAJBAAIAQgBYQRICQwABBxcGCAMKAgQGBwYFBwJBAQMIAQUDAkEABUEQBwEDCgEFAkEBAkEAAkEAAkEBCUEGEQ8fBwUKCQQPowErFAcJBUEEA0ECDhwdBEEwAgRBGAJBAwGmAwB9AX0BfQB3BmNsb3NlZHcGY2xvc2VkdwB5dwB3JGRhNGQxMzZlLWJkZGEtNDVjOC1iNWFjLTc0NDYwYzk0Mjg0Nnh3DmNvcmUvcGFyYWdyYXBoeXckMzQyYTA3ZDAtZThjOS00OTg5LTk0YmEtYWJhM2FiNjdkZjMydwpjb3JlL2VtYmVkdx5odHRwczovL3d3dy5taXJlaWxsZWNpZmFsaS5jb214eXh3H2h0dHBzOi8vd3d3Lm1pcmVpbGxlY2lmYWxpLmNvbS93Hmh0dHBzOi8vd3d3Lm1pcmVpbGxlY2lmYWxpLmNvbXckZTZlNzhlMzAtNDhjOC00M2JkLThhM2QtYmM2MzE1NDlkODM4dw5jb3JlL3BhcmFncmFwaHl3JDkzY2RiOWE3LWVhMmUtNDk2Zi1iOGFjLTc2NzM0YzhkZGQxZXh3DmNvcmUvcGFyYWdyYXBoeXckYWYyOGIyZmItM2Y2MC00YWRlLWFkYWQtNWZkY2MxMTkyMjI4eHcOY29yZS9wYXJhZ3JhcGh5dyQ0MzdhZDJhMy1lZTQ3LTQxNTYtYjc1Ny1jOGY0MTYwYmQ5OTN4dw5jb3JlL3BhcmFncmFwaHl3JDUxY2MwZWQyLWYwZGEtNGY0YS04NzA5LTgzMDM5MjY1MTRiZXcKY29yZS9lbWJlZHcdaHR0cHM6Ly9taXJlaWxsZWNpZmFsaS5jaC93cC94eXh3CHdwLWVtYmVkdxRuYnNwLW1pcmVpbGxlLWNpZmFsaXckZjI4ZDBiMWUtZWNmZi00M2U2LTk0MzUtNmEzN2UyYzQ3MjE0dwpjb3JlL2VtYmVkdx9odHRwczovL3d3dy5taXJlaWxsZWNpZmFsaS5jb20veHl4dx5odHRwczovL3d3dy5taXJlaWxsZWNpZmFsaS5jb213H2h0dHBzOi8vd3d3Lm1pcmVpbGxlY2lmYWxpLmNvbS93Hmh0dHBzOi8vd3d3Lm1pcmVpbGxlY2lmYWxpLmNvbXckYzVhZDk3NTgtNGFlZS00MmJhLTk2MzgtMGI2NTRhODRjZDUzdw5jb3JlL3BhcmFncmFwaHl3B3B1Ymxpc2h3EzIwMjYtMDUtMDZUMTc6MjI6MzN3CnNpdGVzLWFtaXN3JDQ2NTZlZGFhLWY1YzQtNGY4OS1hOTc5LTM1ZTQyOWUwZTY2OXh3DmNvcmUvc2VwYXJhdG9ydw1hbHBoYS1jaGFubmVsdwJocnckZDU0MmEzNDQtNzhkOS00NTVkLThjYzktMDA3NWIzYWQ5MzVheHcOY29yZS9wYXJhZ3JhcGh5dyQxMjdiNjY3MC1hOTkxLTRiNjEtYjZhZS03ZGY3MjRlODQ4YWN4dw5jb3JlL3BhcmFncmFwaHl3JDUwYzQ5MDI0LWY3NTYtNDgxMy1hZDhiLTY5NjhkNTk0NTljYncKY29yZS9lbWJlZHcdaHR0cHM6Ly9taXJlaWxsZWNpZmFsaS5jaC93cC94eXh3CHdwLWVtYmVkdxRuYnNwLW1pcmVpbGxlLWNpZmFsaXckOGY3YjQ1ZjctYzg3ZS00NzBhLTgwZjQtMjVkYTFkNjIxZTVkeHcOY29yZS9wYXJhZ3JhcGh5dyQwYzhmYTVlMy1kZGI0LTRlZDgtYjlhMS1hNmI5NmJlYWI2ZjB4dw5jb3JlL3BhcmFncmFwaHl3JDY1NGJlNzFmLTI4MWUtNGZjNC05YzhiLTRkZDA5NGY4YmEwOXcKY29yZS9lbWJlZHcdaHR0cHM6Ly9taXJlaWxsZWNpZmFsaS5jaC93cC94eXh3CHdwLWVtYmVkdxRuYnNwLW1pcmVpbGxlLWNpZmFsaXckMTIwZWNiNGYtMmI5ZS00YzIwLTgzNDUtNGY2ZDNjNjIzMDFieHcOY29yZS9wYXJhZ3JhcGh5dyQxMzFlNWE2NC02YzQ0LTRjY2YtYmM0Zi1jYzQyOWU2MGNiODh3CmNvcmUvaW1hZ2V3AH2BMnc6aHR0cHM6Ly9mZXJib3MtamVhbmZyYW5jb2lzLmxlZ3R1eC5vcmcvP2F0dGFjaG1lbnRfaWQ9MzIwMXdRaHR0cHM6Ly9mZXJib3MtamVhbmZyYW5jb2lzLmxlZ3R1eC5vcmcvd3AtY29udGVudC91cGxvYWRzLzIwMjYvMDUvU0lURS1DSUZBTEkucG5ndwRmdWxsdwRub25ldwZfYmxhbmt3FCBub3JlZmVycmVyIG5vb3BlbmVydwZjdXN0b213HWh0dHBzOi8vbWlyZWlsbGVjaWZhbGkuY2gvd3AvdgEHZW5hYmxlZHl7Qnnf3n+HEAB7QewpT9KgAAB3JDg2OWQxNDcyLTc3ZmMtNDhmNi1iNGI1LTUzOGQ1YjhkMTc4M3cKY29yZS9pbWFnZXcAfYUydzpodHRwczovL2ZlcmJvcy1qZWFuZnJhbmNvaXMubGVndHV4Lm9yZy8\/YXR0YWNobWVudF9pZD0zMjA1d1todHRwczovL2ZlcmJvcy1qZWFuZnJhbmNvaXMubGVndHV4Lm9yZy93cC1jb250ZW50L3VwbG9hZHMvMjAyNi8wNS9TSVRFLWNyZWF0aW9ucy1DSUZBTEkucG5ndwRmdWxsdwRub25ldwU4NDBweHcEYXV0b3cGX2JsYW5rdxQgbm9yZWZlcnJlciBub29wZW5lcncGY3VzdG9tdx9odHRwczovL3d3dy5taXJlaWxsZWNpZmFsaS5jb20vdgEHZW5hYmxlZHkBlf2pig43AQEBDRYAAQABAQEICQICAgIAAQYBSgEEAQYBAgEAAQACAgIHBwAFBAICAwEBAAEACwQEUBoGIgcOB1IABQAEAAQfAQIHAAICPgAGAQQAAQACAAi\/AwFKAgFxNQEAAQABAQMAAQEBAwgA5QIAVQABAQ==\",\"updateId\":60130208}","footnotes":""},"class_list":["post-3194","page","type-page","status-publish","hentry"],"jetpack-related-posts":[{"id":7,"url":"https:\/\/ferbos-jeanfrancois.legtux.org\/?page_id=7","url_meta":{"origin":3194,"position":0},"title":"\u00c0 propos de","author":"Cravan","date":"28 janvier 2022","format":false,"excerpt":"Le site Cr\u00e9ation et psychanalyse est un site d\u00e9di\u00e9 \u00e0 l'art et au processus cr\u00e9atif mais \u00e9galement \u00e0 la psychanalyse sous toutes ses formes : S\u00e9minaires de Lacan, textes de Freud, documents audios, activit\u00e9s organis\u00e9es par des psychanalystes, s\u00e9minaires, annonces d'ouvrages. Il existe, entre cr\u00e9ation et psychanalyse, un espace commun,\u2026","rel":"","context":"Article similaire","block_context":{"text":"Article similaire","link":""},"img":{"alt_text":"","src":"https:\/\/i0.wp.com\/ferbos-jeanfrancois.legtux.org\/wp-content\/uploads\/2023\/07\/ACCOMPAGNEMENT-ET-MOUVEMENT.jpg?resize=350%2C200&ssl=1","width":350,"height":200,"srcset":"https:\/\/i0.wp.com\/ferbos-jeanfrancois.legtux.org\/wp-content\/uploads\/2023\/07\/ACCOMPAGNEMENT-ET-MOUVEMENT.jpg?resize=350%2C200&ssl=1 1x, https:\/\/i0.wp.com\/ferbos-jeanfrancois.legtux.org\/wp-content\/uploads\/2023\/07\/ACCOMPAGNEMENT-ET-MOUVEMENT.jpg?resize=525%2C300&ssl=1 1.5x, https:\/\/i0.wp.com\/ferbos-jeanfrancois.legtux.org\/wp-content\/uploads\/2023\/07\/ACCOMPAGNEMENT-ET-MOUVEMENT.jpg?resize=700%2C400&ssl=1 2x, https:\/\/i0.wp.com\/ferbos-jeanfrancois.legtux.org\/wp-content\/uploads\/2023\/07\/ACCOMPAGNEMENT-ET-MOUVEMENT.jpg?resize=1050%2C600&ssl=1 3x, https:\/\/i0.wp.com\/ferbos-jeanfrancois.legtux.org\/wp-content\/uploads\/2023\/07\/ACCOMPAGNEMENT-ET-MOUVEMENT.jpg?resize=1400%2C800&ssl=1 4x"},"classes":[]},{"id":8,"url":"https:\/\/ferbos-jeanfrancois.legtux.org\/?page_id=8","url_meta":{"origin":3194,"position":1},"title":"Contact &#038; Galeries","author":"Cravan","date":"28 janvier 2022","format":false,"excerpt":"Jean-Fran\u00e7ois Ferbos +336 65 17 00 84 jf.ferbos@wanadoo.fr 33700 M\u00e9rignac Galeries & autres sites ARTMAJEUR ARTQUID ARTELAGUNA \u00c9cole lacanienne de psychanalyse","rel":"","context":"Article similaire","block_context":{"text":"Article similaire","link":""},"img":{"alt_text":"","src":"https:\/\/i0.wp.com\/ferbos-jeanfrancois.legtux.org\/wp-content\/uploads\/2023\/07\/PORTRAIT-SITE-scaled.jpg?resize=350%2C200&ssl=1","width":350,"height":200,"srcset":"https:\/\/i0.wp.com\/ferbos-jeanfrancois.legtux.org\/wp-content\/uploads\/2023\/07\/PORTRAIT-SITE-scaled.jpg?resize=350%2C200&ssl=1 1x, https:\/\/i0.wp.com\/ferbos-jeanfrancois.legtux.org\/wp-content\/uploads\/2023\/07\/PORTRAIT-SITE-scaled.jpg?resize=525%2C300&ssl=1 1.5x, https:\/\/i0.wp.com\/ferbos-jeanfrancois.legtux.org\/wp-content\/uploads\/2023\/07\/PORTRAIT-SITE-scaled.jpg?resize=700%2C400&ssl=1 2x, https:\/\/i0.wp.com\/ferbos-jeanfrancois.legtux.org\/wp-content\/uploads\/2023\/07\/PORTRAIT-SITE-scaled.jpg?resize=1050%2C600&ssl=1 3x, https:\/\/i0.wp.com\/ferbos-jeanfrancois.legtux.org\/wp-content\/uploads\/2023\/07\/PORTRAIT-SITE-scaled.jpg?resize=1400%2C800&ssl=1 4x"},"classes":[]},{"id":33,"url":"https:\/\/ferbos-jeanfrancois.legtux.org\/?page_id=33","url_meta":{"origin":3194,"position":2},"title":"Psychanalyse","author":"Cravan","date":"28 janvier 2022","format":false,"excerpt":"","rel":"","context":"Article similaire","block_context":{"text":"Article similaire","link":""},"img":{"alt_text":"","src":"","width":0,"height":0},"classes":[]},{"id":6,"url":"https:\/\/ferbos-jeanfrancois.legtux.org\/?page_id=6","url_meta":{"origin":3194,"position":3},"title":"Cr\u00e9ations","author":"Cravan","date":"28 janvier 2022","format":false,"excerpt":"","rel":"","context":"Article similaire","block_context":{"text":"Article similaire","link":""},"img":{"alt_text":"","src":"https:\/\/i0.wp.com\/ferbos-jeanfrancois.legtux.org\/wp-content\/uploads\/2022\/01\/2020-landscape-1.png?fit=1200%2C769&ssl=1&resize=350%2C200","width":350,"height":200,"srcset":"https:\/\/i0.wp.com\/ferbos-jeanfrancois.legtux.org\/wp-content\/uploads\/2022\/01\/2020-landscape-1.png?fit=1200%2C769&ssl=1&resize=350%2C200 1x, https:\/\/i0.wp.com\/ferbos-jeanfrancois.legtux.org\/wp-content\/uploads\/2022\/01\/2020-landscape-1.png?fit=1200%2C769&ssl=1&resize=525%2C300 1.5x, https:\/\/i0.wp.com\/ferbos-jeanfrancois.legtux.org\/wp-content\/uploads\/2022\/01\/2020-landscape-1.png?fit=1200%2C769&ssl=1&resize=700%2C400 2x, https:\/\/i0.wp.com\/ferbos-jeanfrancois.legtux.org\/wp-content\/uploads\/2022\/01\/2020-landscape-1.png?fit=1200%2C769&ssl=1&resize=1050%2C600 3x"},"classes":[]}],"jetpack_likes_enabled":true,"jetpack_sharing_enabled":true,"_links":{"self":[{"href":"https:\/\/ferbos-jeanfrancois.legtux.org\/index.php?rest_route=\/wp\/v2\/pages\/3194","targetHints":{"allow":["GET"]}}],"collection":[{"href":"https:\/\/ferbos-jeanfrancois.legtux.org\/index.php?rest_route=\/wp\/v2\/pages"}],"about":[{"href":"https:\/\/ferbos-jeanfrancois.legtux.org\/index.php?rest_route=\/wp\/v2\/types\/page"}],"author":[{"embeddable":true,"href":"https:\/\/ferbos-jeanfrancois.legtux.org\/index.php?rest_route=\/wp\/v2\/users\/1"}],"replies":[{"embeddable":true,"href":"https:\/\/ferbos-jeanfrancois.legtux.org\/index.php?rest_route=%2Fwp%2Fv2%2Fcomments&post=3194"}],"version-history":[{"count":4,"href":"https:\/\/ferbos-jeanfrancois.legtux.org\/index.php?rest_route=\/wp\/v2\/pages\/3194\/revisions"}],"predecessor-version":[{"id":3207,"href":"https:\/\/ferbos-jeanfrancois.legtux.org\/index.php?rest_route=\/wp\/v2\/pages\/3194\/revisions\/3207"}],"wp:attachment":[{"href":"https:\/\/ferbos-jeanfrancois.legtux.org\/index.php?rest_route=%2Fwp%2Fv2%2Fmedia&parent=3194"}],"curies":[{"name":"wp","href":"https:\/\/api.w.org\/{rel}","templated":true}]}}